e the prime factors of f?
2, 5, 7
Suppose 0 = 2*i + 12, 53730 = 2*f - 4*i - 37570. List the prime factors of f.
2, 19, 1201
Suppose -21*u - 235122 + 1221427 = -163592. What are the prime factors of u?
17, 3221
Suppose 4*t + 891 - 287 = 0. Suppose -911 = 8*q + 977. Let f = t - q. List the prime factors of f.
5, 17
Let k be (4/3)/((-11)/((-33)/2)). Suppose -k*o + 505 = -3*m, 2*o - 2*m = -3*m + 485. What are the prime factors of o?
5, 7
Suppose -r = 3*v - 11, 5*r = -3*v + 24 - 5. Let m(d) = r*d**2 + 13*d**3 - 5*d + 0*d**2 + 0 + 1. What are the prime factors of m(2)?
103
Let w(n) = 115*n**2 - 36*n + 610. What are the prime factors of w(12)?
2, 8369
Suppose 0 = -3*o + 4*z + 7, -2*o - z - 2*z = 18. Let k(q) = 6*q**2 + 3*q + 7. Let c be k(o). List the prime factors of ((-8)/c - (-49)/65)*65.
3, 13
List the prime factors of -2 - (-143)/55 - 240606/(-15).
3, 5347
Suppose o + 1376 - 28243 = 4*u, 4*u = -4*o + 107308. What are the prime factors of o?
3, 5, 1789
Let x be 1/(-4) + -1060*11/(-176). Suppose -x*t - 3740 = -70*t. List the prime factors of t.
5, 11, 17
Let z(m) = 8*m**3 - 18*m**2 + 14*m - 19. Let i(k) = -3*k**3 + 6*k**2 - 5*k + 6. Let w(n) = 11*i(n) + 4*z(n). List the prime factors of w(-7).
2
Let g be -8*(-7)/(2 + -3). Let c be -3 + 2 + g/(-2). Suppose c = -3*t + 369. What are the prime factors of t?
2, 3, 19
Let g = -32137 - -45027. What are the prime factors of g?
2, 5, 1289
Let u = -10490 + 17954. List the prime factors of u.
2, 3, 311
Let v(y) = 5362*y**3 + 103*y**2 - 99*y - 3. List the prime factors of v(1).
31, 173
Let w = 305 - 294. Suppose -387 = 2*k - w*k. What are the prime factors of k?
43
Let w be 17 + (-6)/30*0 + -4. Suppose w*u + 462 = 10849. What are the prime factors of u?
17, 47
Suppose 3*m - 3*l - 13707 = 0, 0*m = 4*m + l - 18256. Suppose 0*r - 5*r + m = 5*f, f - 907 = 5*r. What are the prime factors of f?
2, 3, 19
Let f be 28/154 + (-26)/22. Let d(i) = -95*i**3 - 6*i - 7. What are the prime factors of d(f)?
2, 47
Let n(f) = 99*f**2 + 57*f + 1473. List the prime factors of n(-23).
3, 13, 449
Suppose -31*p = -27*p - 1848. Let b = p + -149. List the prime factors of b.
313
Let n = -66 - -66. Suppose 7*c - 5*c - 680 = n. Suppose c = l + l. What are the prime factors of l?
2, 5, 17
Let o = -446 - -449. Suppose -5*j + 874 = o*m - 0*m, 0 = -4*j + 20. List the prime factors of m.
283
Let m = -25775 + 49842. What are the prime factors of m?
41, 587
Let n = 164 - 145. Suppose 308 - n = j. List the prime factors of j.
17
Let w = 10 + 25. Let u = w - 24. Let d = u + 45. What are the prime factors of d?
2, 7
Let z(j) = -2315*j + 168. List the prime factors of z(-2).
2, 2399
Let d(y) = -y**3 - 12*y**2 + 2. Let k be d(-12). Let h = k - -3. What are the prime factors of (h/1)/((-6)/(-24))?
2, 5
Let u = -103 + 118. Suppose -2274 = -u*d + 3981. What are the prime factors of d?
3, 139
Suppose 0 = -4*p + 16, 2*p + p = -5*w + 87. What are the prime factors of (3 + 126)/(w/10)?
2, 43
Suppose -493*l = -470*l - 384859. List the prime factors of l.
29, 577
Suppose -205850 + 8271 = -41*i. What are the prime factors of i?
61, 79
Suppose 2*k - 7*p - 55065 = 0, 5*k + 2*p + 0*p - 137760 = 0. What are the prime factors of k?
2, 5, 19, 29
Let b = -618 + 621. Suppose 110 = 5*z + 5*k, 7*k = -z + b*k + 10. What are the prime factors of z?
2, 13
Let i(y) = 568*y - 690. List the prime factors of i(4).
2, 7, 113
Let q(m) = m**3 + 13*m**2 + 11*m - 7. Suppose -3*f + 3*o = 8*o + 28, 4*o - 26 = 2*f. What are the prime factors of q(f)?
2, 3, 19
Suppose -s - 3*r = -10703, 14*r + 4 = 16*r. What are the prime factors of s?
19, 563
Let d = -41 - -53. Suppose -3*y - 9 = 4*g - g, -4*y = -4*g + d. Suppose g = -5*b - 16 + 921. What are the prime factors of b?
181
Let j(g) = 15*g + 12 + 3*g**3 - 9*g**2 + 6*g - 10*g**2. What are the prime factors of j(7)?
257
Let l(j) = -7*j**2 - 3*j + 15. Let o(h) = -9*h**2 - 3*h + 14. Let g(d) = 6*l(d) - 5*o(d). List the prime factors of g(7).
2, 73
Let q be (-34)/85 - (-4)/10. Let w(c) = c**3 + c - 22. Let x be w(q). List the prime factors of (x - 9)*(-1)/(2/16).
2, 31
Let y be ((-6)/15)/(-1) + (-33984)/(-40). Let l = -94 + y. What are the prime factors of l?
2, 3, 7
Let s(i) = 106*i - 38. Let x be s(7). Let k = x - 327. What are the prime factors of k?
13, 29
Suppose 48 = -7*p + 391. Let i = -39 + p. Suppose -99 = -i*a + 7*a. What are the prime factors of a?
3, 11
Suppose -28*w + 25*w + 12806 = a, 0 = 5*a + 4*w - 64085. List the prime factors of a.
12821
Let x = -58 - -61. Let p be (x/((-6)/10))/(5/5). What are the prime factors of (-14)/(p - (-1 + -3))?
2, 7
Suppose 2*u + 5*a = 18678, -4*u - 16563 + 53895 = -2*a. What are the prime factors of u?
2, 13, 359
Suppose -2*a + 16 = v + 2*v, -26 = -5*v - 3*a. Let n be (-102)/30*1 - v/(-10). List the prime factors of n/(-2)*568/6.
2, 71
Suppose 41*n = 62*n - 349986. What are the prime factors of n?
2, 13, 641
Let s = -14 + 9. Let x(t) = -t**3 - 6*t**2 - 6*t - 2. Let w be x(s). Suppose -3*u + 50 = 4*r, -5*u + 16 = -w*r - 19. List the prime factors of u.
2, 5
Let f be (0 + 2 - (3 + -2))*117. Let d = f + -57. List the prime factors of d.
2, 3, 5
Let s(r) = -12*r**3 - 6*r**2 - r + 12. Let q be s(-3). Let i = 8 - 4. Suppose -q - 19 = -i*w. What are the prime factors of w?
2, 19
Let z = 39 + 92. Let h = z - 109. List the prime factors of h.
2, 11
Let z(p) = 12*p**3 - 2*p - 4. Let t be z(-1). What are the prime factors of (-6)/(-21) + 2616/t*-2?
2, 11, 17
Let w(y) = y**2 - 28*y + 75. Let h be w(-24). Let p = -40 + 59. Suppose -10*q - h = -p*q. List the prime factors of q.
3, 7
Suppose 5*x = -0*x - 35. List the prime factors of (-722)/x - 7/49.
103
Suppose 708561 = 80*t - 235039. What are the prime factors of t?
5, 7, 337
Let w = 14554 + -1083. List the prime factors of w.
19, 709
List the prime factors of -80 + 68 - (-1424)/1.
2, 353
Suppose -n = -2*n - 7. Let i(l) = -4*l**2 + 13*l + 5. Let y(u) = -6*u**2 + 25*u + 10. Let o(j) = -5*i(j) + 3*y(j). List the prime factors of o(n).
3, 11
Let g be (-23)/(-6) - (-14)/84. Suppose -3*q = g*x + 2*q - 7056, q - 4 = 0. What are the prime factors of x?
1759
Let m = -23886 - -58676. What are the prime factors of m?
2, 5, 7, 71
Suppose 5*m - 3*m = 8. Let z be 0 - (m + -43)/1. Suppose -4*b + 17 = -z. List the prime factors of b.
2, 7
Let a be ((-42)/(-49))/(6/28). Suppose o + a*o - 782 = -d, -5*d - 2*o + 3841 = 0. What are the prime factors of d?
13, 59
Let r = -22 - -120. Let h = r + 219. List the prime factors of h.
317
Let z = 185 - -1342. Suppose -3*b - z = -3*r, 5*r + 3*b - 661 - 1924 = 0. List the prime factors of r.
2, 257
List the prime factors of (8/(-14) + 28678/182)*1.
157
Suppose -177*v = -174*v - 408. Suppose -127*l = -v*l + 468. List the prime factors of l.
2, 13
Suppose 0*d - 3*d + 7 = -2*a, 1 = a. Suppose 0*l + 2*l = -5*v + 861, 516 = d*v + l. Let p = -73 + v. List the prime factors of p.
2, 7
Let o = -249 - -1113. Suppose o + 6766 = 10*h. Suppose 0 = l + 4*l + b - h, l = -2*b + 149. List the prime factors of l.
3, 17
Let a be ((-50)/30)/(5/(-3) - -2). What are the prime factors of 1 + -5 + 345 + (-20)/a?
3, 5, 23
Suppose -2*f + 2*s + 5 + 13 = 0, -2*f + 3*s + 23 = 0. Suppose f*j = j + 9, -4*b + 2*j = 342. List the prime factors of 257/3 + b/(-63).
3, 29
Let p(k) = 19*k**2 - 16*k + 125. List the prime factors of p(-21).
2, 5, 13, 17
Let l be (-363)/(-6) + (-1)/(-2). Suppose 0 = 17*h - 13*h + 108. Let o = l + h. List the prime factors of o.
2, 17
Let y = 9999 - 2991. List the prime factors of y.
2, 3, 73
Let h be 15/((72/5802)/4). Suppose -56*i + h = -51*i + n, 5*i - 4835 = 5*n. List the prime factors of i.
967
Let h(p) = -p**2 + 17*p - 52. Let r be h(13). Suppose -5*j - 8 = -a - 9*j, r = -a - 2*j + 2. Let b = 80 - a. What are the prime factors of b?
2, 3, 7
Let u be 86/10 - (-14)/35. Let c = 1649 + -756. Suppose -u*o = -214 - c. What are the prime factors of o?
3, 41
Let u(t) = -2*t - 5. Let v be u(-3). Let q be 1*((-3)/(-3) - v). Suppose -3*o - 5*d + 130 = 0, q*d - 196 = -5*o + 2*d. List the prime factors of o.
2, 5
Let o(u) be the second derivative of -9*u**4/8 - u**3/6 - 17*u**2/2 + 10*u. Let a(z) be the first derivative of o(z). List the prime factors of a(-1).
2, 13
Let m(f) = f. Let a(j) = 9*j - 9. Let l(x) = -a(x) + 3*m(x). Let t be l(2). Let